e
Is 253703 a prime number?
True
Is 5971 a composite number?
True
Is 389219 composite?
False
Is 62459 a composite number?
False
Is 95813 a composite number?
False
Is 2149 a prime number?
False
Is 56299 prime?
True
Is 208061 a prime number?
False
Is 541 a prime number?
True
Is 60563 prime?
False
Is 27299 prime?
True
Is 47363 prime?
True
Is 3761 a prime number?
True
Is 315411 a prime number?
False
Is 77951 composite?
False
Is 39707 a prime number?
False
Is 3909755 a composite number?
True
Is 11369 a composite number?
False
Is 520099 a prime number?
False
Is 199607 composite?
True
Is 317887 prime?
True
Is 172394 a composite number?
True
Is 449 a composite number?
False
Is 63197 a composite number?
False
Is 1361017 a composite number?
True
Is 30617 a prime number?
False
Is 14957 a composite number?
False
Is 1170689 a prime number?
False
Is 28511 a composite number?
True
Is 83543 prime?
False
Is 101009 a prime number?
True
Is 79603 a composite number?
True
Is 1007 a prime number?
False
Is 37735 composite?
True
Is 4729 composite?
False
Is 1515857 a prime number?
False
Is 517 prime?
False
Is 1801 a prime number?
True
Is 8147 a prime number?
True
Is 136009 prime?
False
Is 122099 a prime number?
True
Is 12301 prime?
True
Is 2161 a composite number?
False
Is 92507 composite?
False
Is 49019 a prime number?
True
Is 8651 prime?
False
Is 437027 composite?
True
Is 35521 a composite number?
False
Is 26405 composite?
True
Is 7901 a composite number?
False
Is 14023 a composite number?
True
Is 4831 prime?
True
Is 3449 composite?
False
Is 346639 a composite number?
False
Is 7901 composite?
False
Is 7201 a prime number?
False
Is 12197 prime?
True
Is 618739 composite?
True
Is 3352957 composite?
False
Is 2503 prime?
True
Is 58817 prime?
False
Is 28738 a composite number?
True
Is 54973 a composite number?
False
Is 276841 composite?
True
Is 1154199 prime?
False
Is 3631 composite?
False
Is 1769281 a composite number?
False
Is 1305637 a composite number?
False
Is 39133 prime?
True
Is 97141 composite?
True
Is 116131 composite?
False
Is 2498971 composite?
False
Is 602753 a composite number?
False
Is 1022167 prime?
True
Is 716327 a prime number?
False
Is 15343 prime?
False
Is 7393 composite?
False
Is 809 composite?
False
Is 2076791 a prime number?
True
Is 30283 a prime number?
False
Is 245963 prime?
True
Is 686197 a composite number?
False
Is 38113 a prime number?
True
Is 145994 prime?
False
Is 21283 a composite number?
False
Is 18743 a prime number?
True
Is 403099 prime?
False
Is 785383 a composite number?
True
Is 6117 a prime number?
False
Is 189841 prime?
False
Is 50741 prime?
True
Is 1744007 a prime number?
True
Is 17201 a prime number?
False
Is 24657 composite?
True
Is 153607 a composite number?
False
Is 8641 a composite number?
False
Is 274441 composite?
False
Is 2309 prime?
True
Is 37753 composite?
True
Is 12895 a composite number?
True
Is 265079 prime?
True
Is 33997 prime?
True
Is 7981 a prime number?
False
Is 156481 a composite number?
True
Is 18623 a prime number?
False
Is 19529 prime?
False
Is 3949 a composite number?
True
Is 5731 composite?
True
Is 153247 composite?
False
Is 64982 composite?
True
Is 16049 composite?
True
Is 1477 a composite number?
True
Is 1739 a prime number?
False
Is 63741 a composite number?
True
Is 279691 a prime number?
False
Is 61441 a composite number?
False
Is 28261 prime?
False
Is 30059 a composite number?
False
Is 118029 prime?
False
Is 49561 a composite number?
True
Is 1039 a composite number?
False
Is 11027 a prime number?
True
Is 14179 prime?
False
Is 248573 a composite number?
True
Is 5167587 composite?
True
Is 3459029 prime?
False
Is 46073 a prime number?
True
Is 1963187 composite?
False
Is 126199 composite?
False
Is 40519 a prime number?
True
Is 277477 a prime number?
False
Is 34057 prime?
True
Is 5328217 a composite number?
False
Is 1177493 a prime number?
False
Is 15031 prime?
True
Is 670471 a prime number?
True
Is 294629 a composite number?
False
Is 56299 a composite number?
False
Is 4258 a composite number?
True
Is 162209 a composite number?
False
Is 11177 a composite number?
False
Is 81709 composite?
True
Is 14583 a composite number?
True
Is 278387 a composite number?
False
Is 10237 composite?
True
Is 29917 composite?
False
Is 282757 a composite number?
True
Is 632959 prime?
False
Is 8677 composite?
False
Is 1116809 a prime number?
True
Is 99967 a composite number?
True
Is 18155 prime?
False
Is 160967 a composite number?
False
Is 67047 prime?
False
Is 1906 a composite number?
True
Is 1873331 composite?
True
Is 83531 a prime number?
False
Is 91909 a composite number?
False
Is 750377 a composite number?
True
Is 13231 composite?
True
Is 1181 a composite number?
False
Is 21 prime?
False
Is 19347 prime?
False
Is 102013 composite?
False
Is 929 a composite number?
False
Is 46753 prime?
False
Is 12661 prime?
False
Is 199559 prime?
True
Is 39099 a prime number?
False
Is 84809 a composite number?
False
Is 177091 a composite number?
False
Is 9521 composite?
False
Is 39523 a prime number?
False
Is 38897 composite?
True
Is 2897 composite?
False
Is 81749 a prime number?
True
Is 381 composite?
True
Is 51411 composite?
True
Is 13885 prime?
False
Is 1889 a composite number?
False
Is 3643 prime?
True
Is 958 composite?
True
Is 24554 a prime number?
False
Is 56263 composite?
False
Is 8549 a prime number?
False
Is 9763 a composite number?
True
Is 1244729 a prime number?
True
Is 87773 composite?
True
Is 2025689 a composite number?
False
Is 10259 a composite number?
False
Is 102359 a composite number?
False
Is 1119947 a composite number?
False
Is 56891 a composite number?
False
Is 78341 a composite number?
False
Is 27791 composite?
False
Is 5601 a composite number?
True
Is 385967 a composite number?
False
Is 4201 a prime number?
True
Is 59141 prime?
True
Is 28277 a composite number?
False
Is 124633 a prime number?
True
Is 56237 a prime number?
True
Is 10441 prime?
False
Is 824155 prime?
False
Is 4467 a prime number?
False
Is 105217 a composite number?
True
Is 59431 a composite number?
True
Is 21433 a prime number?
True
Is 8609 a prime number?
True
Is 965629 a composite number?
True
Is 42511 a composite number?
True
Is 3433 a composite number?
False
Is 26311 composite?
True
Is 117677 composite?
True
Is 439273 composite?
False
Is 8651 prime?
False
Is 5914 a prime number?
False
Is 35771 a prime number?
True
Is 91209 a composite number?
True
Is 488731 prime?
False
Is 689551 a composite number?
False
Is 6007 a composite number?
False
Is 249943 a prime number?
True
Is 8561 composite?
True
Is 139423 prime?
True
Is 290698 a composite number?
True
Is 7373 a prime number?
False
Is 47327 prime?
False
Is 239929 a composite number?
False
Is 2210881 composite?
False
Is 3557 prime?
True
Is 6769 composite?
True
Is 111845 a composite number?
True
Is 274579 prime?
True
Is 53453 prime?
True
Is 65867 composite?
False
Is 2985365 prime?
False
Is 399353 a composite number?
False
Is 830729 prime?
True
Is 70823 composite?
False
Is 1877609 composite?
False
Is 8674 a prime number?
False
Is 105583 prime?
False
Is 1511 a composite number?
False
Is 213677 a composite number?
True
Is 6353 prime?
True
Is 995003 prime?
False
Is 55163 a composite number?
False
Is 403181 a prime number?
True
Is 735133 composite?
True
Is 45641 prime?
True
Is 147481 prime?
True
Is 26309 a prime number?
True
Is 390361 prime?
False
Is 2179 prime?
True
Is 33595 a composite number?
True
Is 458729 prime?
True
Is 154891 prime?
False
Is 482939 a composite number?
True
Is 1635889 a composite number?
False
Is 78823 composite?
False
Is 8939 prime?
False
Is 19297 a prime number?
False
Is 49081 a prime number?
True
Is 33541 composite?
True
Is 8419 prime?
True
Is 6295 composite?
True
Is 4429 a composite number?
True
Is 5667 composite?
True
Is 981227 a composite number?
True
Is 630659 a prime number?
True
Is 15907 composite?
False
Is 195677 composite?
False
Is 694 a prime number?
False
Is 92581 a composite number?
False
Is 64979 prime?
False
Is 391243 a composite number?
True
Is 422 composite?
True
Is 124841 a composite number?
True
Is 4645 prime?
False
Is 37781 a composite number?
False
Is 641279 a prime number?
True
Is 48641 a composite number?
True
Is 33109 a composite number?
True
Is 268091 prime?
True
I